r when ((-3)/5)/((-2)/10) is divided by s.
0
Suppose 2*z = 16*z - 1680. Calculate the remainder when 1824/z*(-15)/(-6) is divided by 4.
2
Suppose -4*k + 1967 = 1181 - 3282. What is the remainder when k is divided by 213?
165
Suppose 0 = 3*x - 3*z + 6, 5*z - 5 - 5 = 0. Suppose 43*r - 29*r - 294 = x. Calculate the remainder when 61 is divided by r.
19
Let u(j) = 410*j - 1162. What is the remainder when u(3) is divided by 18?
14
Let m = 94 + -55. Suppose -m - 26 = -5*c. Calculate the remainder when c is divided by 13/(975/(-50)) + (-52)/(-6).
5
Suppose 0 = -f + 19 - 17. Suppose -f*g - 159 = -p, 5*p + 2*g = 377 + 382. Calculate the remainder when p is divided by 32.
25
Suppose 1818 = 27*f - 18*f. Suppose 564 = f*i - 199*i. Calculate the remainder when i is divided by 12.
8
Suppose 0 = -2*d + 3*n - 405, -3*n - 421 = 4*d + 344. Calculate the remainder when -5*(2/(-6) + d/225) is divided by 3.
0
Let x be (70/21)/(1/(-15)). Suppose 41 = k - 0*k + 3*d, 5*k = -2*d + 270. Let m = k + x. Calculate the remainder when 9 is divided by m.
3
Let y be (-1 + 2)/(1/(-41 - -5)). Let o be (2970/y)/((-3)/(-8)). Calculate the remainder when 83 is divided by (112/(-10))/(11/(o/8)).
27
Let q = 709 - 703. Let f be 0 + -4 - 1 - 0. Calculate the remainder when 5 is divided by q/f*(-40)/12.
1
Let l be (-5)/(-2)*-7*18/(-105). Suppose 2*j + l*d - 57 = 8*d, 4*j + 4*d - 72 = 0. Suppose -2*c = 2*c - 160. Calculate the remainder when c is divided by j.
19
Suppose -4*i + 8564 = -4*g, -504*i + 5*g = -501*i - 6423. Calculate the remainder when i is divided by 18.
17
Let g be 30*((-172)/(-20) + -2). Suppose -7*o + 439 + g = 0. Calculate the remainder when o is divided by 49.
42
Suppose 5*g + 871 = 2*l, 627 + 1052 = 4*l - g. Calculate the remainder when l is divided by 39.
28
Let q = -92 + 119. Calculate the remainder when 74 is divided by ((-28 + q)/((-2)/50))/1.
24
What is the remainder when 5145 is divided by (0 + 9/18)/((-6)/12)*-11?
8
Suppose 5*w = 2*z - 53, -z - 9 = 5*w + 2. What is the remainder when 105 is divided by ((-8)/z)/((-10)/245)?
7
Calculate the remainder when 453 is divided by (-105)/(-735) - 670/(-14).
21
Let v(b) = -3*b**3 - 69*b**2 + 19*b + 94. Calculate the remainder when v(-24) is divided by 49.
43
Suppose -95*c + 32168 = -17327. Calculate the remainder when c is divided by 51.
11
Let l = -64 + 65. Let d be (3/9)/l + (-1)/3. Calculate the remainder when (1 - (-1)/(-2))*(66 + d) is divided by 10.
3
Suppose 4*l = -0*l + 264. Suppose 3*n - l = -0*n. Calculate the remainder when n is divided by 18/4*(-13 - (-14 + -1)).
4
Let l be (-79)/(-8) - (-2)/16. Suppose 72 + 168 = l*m. What is the remainder when 57 is divided by m?
9
Let t(k) = 2*k**3 + 47*k**2 + 93*k + 4. Calculate the remainder when t(-21) is divided by 92.
72
Let r = 33 - 33. Suppose 2*b - 9 - 317 = r. Let u = 277 - b. Calculate the remainder when u is divided by 13.
10
Let q = 3039 - 2922. Calculate the remainder when 2923 is divided by q.
115
Suppose 0 = -15*j + 1072 - 2797. Let y = 147 + j. What is the remainder when y is divided by 4?
0
Suppose 0*l + 76 = 4*l. Let x = -4416 - -4498. Calculate the remainder when x is divided by l.
6
Suppose -4*g - 284 = -4*c, -35*c + 23*c + 831 = -5*g. What is the remainder when 182 is divided by c?
46
Suppose 321 + 25 = f - 5*o, 3*f - 5*o - 1068 = 0. Calculate the remainder when f is divided by 13.
10
Let v(k) = k**3 - 9*k**2 + 23*k - 13. Let t be v(9). Let q = t + -191. What is the remainder when 66 is divided by q?
0
Let a = 0 - -8. Suppose 1433 = -16*x - 519. Let r = -101 - x. Calculate the remainder when r is divided by a.
5
Suppose 5*j + 257 = -4*v - 793, 3*j + 2*v + 628 = 0. Let c = j + 655. Calculate the remainder when c is divided by 113.
110
Let c(f) = 5*f**2 - 22*f + 23. What is the remainder when 1416 is divided by c(6)?
67
Suppose -2*m - 4*t + 7*t - 5 = 0, -3*t - 5 = -4*m. Suppose s + m = 6*s, -7 = 2*p - 5*s. Let w(k) = -21*k - 1. What is the remainder when 73 is divided by w(p)?
13
Let w(s) be the first derivative of 13*s**2/2 - 15*s + 110. Calculate the remainder when 164 is divided by w(3).
20
Suppose 4*q + 17*q + 525 = 0. Calculate the remainder when 98 is divided by (3 + q)*15/(-10).
32
Let n be 38/133 - (2 + 40/(-7)). Suppose -n*z = -0*z. Suppose 5*g - 76 - 54 = z. Calculate the remainder when g is divided by 7.
5
Suppose -4*o + 17*b - 21*b + 1712 = 0, 0 = -3*o + b + 1320. Calculate the remainder when 1639 is divided by o.
328
Let i be (0 + 1137/(-2))*700/(-210). Suppose 3*r + i = 4*a, 9*r + 960 = 2*a + 5*r. What is the remainder when a is divided by 8?
6
Let q(c) = c + 9. Let x be q(10). Suppose x = 7*m + 110. What is the remainder when 36 is divided by 1 + 12 - (m + 16)?
6
Calculate the remainder when 372 + (-12 - 36/(-3) - (-6)/2) is divided by 32.
23
Suppose 5*k = -a + 788, -41*k + 2377 = 3*a - 39*k. Calculate the remainder when a is divided by 15.
13
Suppose 5*g + 38 = 2*j, 3*g + 5*j + 19 = 10*j. Calculate the remainder when 122 is divided by 3/(-4) - 334/g.
40
Suppose 3*i - 4*i + 4 = 0. Suppose -9*d + 952 = 5*d. Suppose -4*s + i*u + d = 0, s + 26 = 2*s + 2*u. What is the remainder when 119 is divided by s?
19
Let d be 1/4 + ((-1948)/(-16) - -2). Let c = d - 110. Calculate the remainder when 40 is divided by c + (-4)/1 + (0 - -3).
1
Suppose -4*z - 242 = -4*u + 34, 4*u - 282 = 2*z. Suppose 0 = -5*n - 3*l + 85 + 7, 4*l + 80 = 6*n. What is the remainder when u is divided by n?
8
Suppose -1778 = -1086*z + 1072*z. What is the remainder when 316 is divided by z?
62
Suppose 5*a - 210 = 190. Let b = -36 + a. Let u = b - 1. What is the remainder when u is divided by 12?
7
Let b(y) = 2*y**2 - y + 23. Calculate the remainder when b(-5) is divided by 62.
16
Let f(d) = -d**3 + 11*d**2 + 18*d - 2. Let p be f(12). Suppose -2*l + 9*l = p. What is the remainder when 349 is divided by l?
9
Let l = -9093 + 3441. What is the remainder when (l/9)/(1*-4) is divided by 20?
17
Let m(v) = -120*v**3 - 3*v**2 - 74*v - 75. What is the remainder when m(-1) is divided by 4?
0
Let w be (-9)/(-3) - 2 - -35. Suppose -w = 5*u - 8*u. Suppose -1087 = 58*d - 3639. Calculate the remainder when d is divided by u.
8
Let w = -5550 - -5889. Calculate the remainder when w is divided by 46.
17
Suppose 1266 = 3*c - 5*b, -36*c + 37*c - 482 = -5*b. What is the remainder when 1365 is divided by c?
54
What is the remainder when 6/(-33)*1 - (-46566)/1287 is divided by (3 - (0 + 2)) + 9?
6
Let r be 116/6*(-120)/20. What is the remainder when 50 is divided by 4/(-16)*r - 3?
24
Let t = -66 + 86. Suppose -t*g + 292 = -24*g. Let v = -49 - g. Calculate the remainder when 118 is divided by v.
22
Suppose -46*j + 8564 = -0*j - 26534. Calculate the remainder when j is divided by 110.
103
Suppose 1 = -5*b + 21. Suppose 2*i - 38 = -2*m, m - 5*i - 9 = b. What is the remainder when 89 is divided by m?
17
Suppose -3*x - 3*h + 51 = 0, 0 = 4*x - 2*x - 2*h - 26. Let q = -58 + 61. Suppose -q*n + 36 = 3*n. What is the remainder when x is divided by n?
3
Let d(g) = 4*g**2 - 2*g**2 + 0*g**2 - 8 + g + 3*g**2. Calculate the remainder when d(4) is divided by 27.
22
Let k = -217 + 342. Calculate the remainder when k is divided by (-9163)/(-392) - 15/40.
10
Suppose -978 + 171 = -204*x + 621. What is the remainder when 25318 is divided by x?
6
Suppose -3*t + a - 747 = 0, -423 = 5*t + a + 822. Let f = t - -272. What is the remainder when 57 is divided by f?
11
Let c = -299 - -441. What is the remainder when c is divided by ((-17613)/(-285) + -61)/((-4)/(-250))?
42
Let x be 10 + -15*(2 + 1)/9. Suppose 0 = -5*a - 28*g + 29*g + 368, x*a = -5*g + 380. Calculate the remainder when a is divided by 5.
4
Suppose 0 = 4*o - 2*u - 9 + 3, -2*u = -o - 6. Suppose 4*m = o*f + 160, 8*f = 4*f + 12. Calculate the remainder when m is divided by 27.
16
Let o(x) = -9*x + 105. Let v be o(-7). Suppose j = 9*j - v. Let c(a) = a**3 - a**2 + 61. What is the remainder when c(0) is divided by j?
19
Suppose 3*s - 1536 = -503*h + 506*h, -5*h = -4*s + 2045. Calculate the remainder when s is divided by 136.
107
Let j = -60 + -40. What is the remainder when (4/(-8))/(1/j) is divided by ((-34)/8)/((-2)/8)?
16
What is the remainder when 676 is divided by ((-16)/(-12))/((-60)/(-12510))?
120
Suppose 0 = 18*s + 1687 - 9139. Calculate the remainder when s i